1 - (-111 - -115).
-2
Calculate (-17 - -18) + (-4 - -1).
-2
What is -6 - ((7 - 10) + -7)?
4
Evaluate 8 + (1 - -8) + 9 + -16.
10
Calculate (-3 + 5 - -5) + (-15 - -4).
-4
What is the value of (69 - 63) + 0 + -13?
-7
6 + -6 + -1 - -3
2
What is the value of -6 - (5 - (-9 + 21))?
1
What is the value of -9 + 9 + 2 + 2?
4
Calculate -4 - (0 - (3 + 3)).
2
What is the value of 0 - 0 - (-29 - -33)?
-4
What is the value of -6 + (9 - 7) + -4 + 3?
-5
-11 + 1 + -1 - (6 - 12)
-5
Calculate 1 + -1 - 0 - -1.
1
What is the value of 4 - (7 + (3 - 5))?
-1
What is the value of -4 - 0 - (3 + -3)?
-4
Calculate -2 + 1 + (1 - 7 - -7).
0
Calculate (1 - 4) + 9 + -2.
4
1 - (-2 - (1 + -6))
-2
What is the value of 1 - (0 - (6 + -3))?
4
What is 3 + -4 - (2 + -4)?
1
Evaluate -11 + (13 - 6) + 4 - -5.
5
What is 4 - 0 - (-7 - -11)?
0
Evaluate -5 - (-4 - (-5 - -5)).
-1
What is the value of 1 - 5 - (-1 + -7 + 3)?
1
Evaluate 3 + 2 + -9 + 4 + -3.
-3
What is -4 - (-8 + (-2 - -4) - -5)?
-3
Evaluate -4 - (-5 + 1) - (0 + 1).
-1
Calculate -13 + (-1 - -1) - -3 - -2.
-8
What is 13 + -5 + -5 + -10 + 1?
-6
What is -5 - (-1 + -2 + -2)?
0
What is the value of 37 - 32 - (0 + 5)?
0
What is the value of -14 - (12 - (19 - 4))?
-11
Calculate (7 - 9 - 1) + (0 - 0).
-3
What is (-11 - -9) + -12 + 11?
-3
Evaluate -6 - -16 - (16 - 7).
1
What is -2 + 1 + 4 + -10 + 3?
-4
Evaluate (5 - -4) + 1 + -16.
-6
What is the value of 3 + -1 + (-9 - -13) + -10?
-4
Evaluate 7 + -2 + 1 - 10.
-4
Calculate 5 + -4 - (1 + 1 + 1).
-2
-6 - 2 - (-1 - 2)
-5
What is 2 - (0 + -1 + 3)?
0
What is -4 - -4 - (-1 + 3) - 3?
-5
What is the value of 18 - 22 - ((3 - 6) + 7)?
-8
Calculate (-2 - 4) + 8 + -4.
-2
Evaluate (0 - 0) + 2 - (2 - -1).
-1
-16 - (-16 + 0 - -8)
-8
Calculate 5 + (-4 + 4 - 7) + 0.
-2
-4 + (0 - -3) - -1
0
Calculate 8 + -8 + (2 - -6).
8
Calculate -6 + (0 - -7) - (1 + -5).
5
3 + (-14 - -4) + 8 + -5
-4
3 + (8 - 11) + 9
9
Calculate -3 + (-5 - -10) + 2.
4
What is the value of (-3 - -3) + 3 - (-6 + -1)?
10
What is the value of 15 + -4 + 1 + -8?
4
What is the value of -2 + 3 + (-2 - 2)?
-3
Calculate 0 + (5 - 8) + 6.
3
-3 + (2 - 0 - (13 + -12))
-2
(1 + -2 + 4 - -3) + -7
-1
-17 + 12 + -4 - -4
-5
Calculate 1 + (4 - (2 + 3) - -2).
2
What is the value of -2 + -6 - -2 - (19 - 21)?
-4
(0 - (0 + 0)) + 16 + -17
-1
Evaluate 1 + -10 - (3 + -16).
4
What is -2 + 0 + 0 + 0 + -1?
-3
Evaluate (-10 + 0 - -10) + -1 + -2.
-3
Evaluate (-5 - -3 - (-12 - -13)) + -2.
-5
What is the value of 2 + -4 + (-1 - -4)?
1
Evaluate -5 + 0 + (15 - (-7 + 19)).
-2
(1 - 1) + -2 + 7 + 0
5
What is the value of 6 + (-3 - -2) + (-4 - -3)?
4
Calculate -35 - -43 - (4 + 9).
-5
What is the value of 82 - 93 - (-2 + -1)?
-8
(5 - -3) + -1 + 4 + -8
3
What is (-2 - 3 - -5) + 6?
6
Evaluate -3 + 3 + (-6 - -2) + 0.
-4
What is the value of (-25 - -9 - -9) + (3 - -1)?
-3
3 - 1 - (3 - 6)
5
What is -1 + 7 - (11 + -9)?
4
(-5 - -2) + (-2 + 2 - 1)
-4
(5 - (10 + -20)) + -9
6
Calculate -12 + 5 + 2 + 2.
-3
What is the value of (-13 + 5 - 1) + 16?
7
What is -11 + 14 + -1 + (2 - 2)?
2
Evaluate 9 + (-4 + 4 - 6) - -5.
8
-16 + 12 - (-4 - (0 - -1))
1
Evaluate (5 + -5 - (2 + 0)) + 3.
1
Evaluate (-1 - 1) + -4 + 2 + 1.
-3
Evaluate 0 + -4 - ((1 - -4) + -13).
4
Calculate 1 + 8 - -1 - 3.
7
What is 0 + -7 + 4 + -1?
-4
Evaluate -10 + 8 - (-6 + -5).
9
Calculate -5 + -4 + 6 + 7 + 1.
5
What is -8 + (3 - -1) - -1?
-3
What is -16 - -7 - (-8 + 6)?
-7
(1 - 0 - 3) + (573 - 565)
6
What is the value of -2 + 11 - (-17 + 27 + -7)?
6
Calculate -1 - ((3 - 2) + -2).
0
Evaluate 6 + 6 + (4 - 11).
5
What is (-16 - -4 - -10) + -3?
-5
Calculate -17 - (2 - 10 - 0).
-9
What is the value of -27 + -6 + 11 - -12?
-10
Evaluate 6 - (21 + -10 + -11).
6
Calculate (-11 - -5) + -3 + 0.
-9
-1 - (0 - (3 + -1 + -5))
-4
Calculate 6 - (-2 + 0 + 5).
3
What is 4 + -3 - -1 - 1 - 1?
0
5 - (11 + -6 + -5)
5
Evaluate (-8 - -8) + (4 - 3 - 0).
1
Calculate 0 - -11 - ((-23 - -11) + 16).
7
(14 - 7 - (5 - 1)) + -6
-3
Evaluate -2 + -1 + 10 - 2.
5
Evaluate 6 + -1 - (-3 + 2).
6
Calculate (3 - -4) + (-4 - 0 - 1).
2
What is the value of 6 + (-11 - -3 - 2)?
-4
Evaluate (-7 - (-16 - -5)) + -6 + 0.
-2
Evaluate 1 - -3 - (14 + -5).
-5
What is the value of -22 + 19 - (-3 - (4 + -3))?
1
Calculate -2 + (4 - 0 - 2).
0
5 - (9 + 7 - 8)
-3
Evaluate -5 - (-1 - -5 - 11).
2
Evaluate -32 - -29 - (5 - 2).
-6
What is 11 + -13 + (-1 - -1) - -4?
2
Evaluate -7 + 7 + 6 - 10.
-4
What is 0 + 4 - (5 + 4 + -4)?
-1
Evaluate 4 + -4 + 2 - -2 - 2.
2
Evaluate -4 + (2 - -4 - 7).
-5
Evaluate 11 - 5 - (10 + 0).
-4
Evaluate (6 + 3 + -10 - 2) + -1.
-4
Calculate (4 - 0) + (-10 - -1 - -2).
-3
Calculate (7 + -14 - -12) + -5.
0
Evaluate 2 + -2 + -3 - -6.
3
Calculate (9 - (4 - -5)) + 5.
5
Evaluate (-8 - -10) + 0 + -4.
-2
What is the value of 1 - (2 - -1 - (15 + -13))?
0
What is -7 + 11 + (-7 - 2 - -1)?
-4
Calculate -3 + (8 - 5 - 3).
-3
Calculate (-2 - 3) + 9 + -12.
-8
What is 0 - ((12 - 24) + 18)?
-6
(11 - (-12 + 34)) + (5 - 0)
-6
What is the value of 1 + -7 - (-19 - (-13 - 3))?
-3
Calculate (3 + 8 + -7 - 6) + 0.
-2
0 - (2 + 2 + 1)
-5
What is 6 + -2 + 3 - 3?
4
What is the value of -1 + 0 - (-10 + 12)?
-3
Evaluate 3 - 2 - (-28 + 26).
3
6 + (5 - 8 - -4) + -5
2
What is -20 + 18 + 7 + 2?
7
Calculate -8 - (14 + -7 + -21).
6
Evaluate -7 - (-4 + 4 + -2).
-5
What is 1 - (5 - (-2 - -2))?
-4
What is the value of -32 + 23 - (2 - 1 - 2)?
-8
Calculate 0 + (-2 - (-4 + 0)).
2
What is the value of -31 - -25 - (-2 - (-1 + 1))?
-4
Evaluate -4 - ((33 - 29) + 0 + -6).
-2
What is the value of 2 - (-3 - (0 + -4 - -3))?
4
What is the value of 6 + -11 + 6 + -2 + 3?
2
What is the value of -3 + 0 - (2 + -5 + -3)?
3
What is the value of -44 - -38 - (0 - 11)?
5
Calculate (0 + 4 - 6) + 3.
1
(-18 - -5) + 2 - -16
5
Evaluate -6 + -1 + 8 + 0.
1
What is (9 - 16) + (-4 - -20)?
9
-3 + -4 + (-4 + 0 - -9)
-2
What is 1 + 6 + -4 + -4?
-1
-2 + (9 - (5 + -4))
6
Evaluate -3 - (5 + -1 - (-4 - -10)).
-1
-7 + (2 - 0) - 1
-6
Calculate -3 + (5 - 3) - 4.
-5
Evaluate (0 - -2) + 0 - -3.
5
Evaluate 2 + (-16 - (-13 + 1)).
-2
15 + -1 - (76 - 65)
3
What is the value of 1 + -2 + (-4 + 3 - -3)?
1
-3 - (4 - (1 - -1 - -5))
0
What is the value of -4 - ((2 - 1) + -2) - -3?
0
-7 + -1 + (3 - -2)
-3
Evaluate (-5 - 0 - -4) + 3.
2
-9 + -2 + 3 + 4
-4
Evaluate -4 + -2 - (7 + (-11 - -7)).
-9
What is 1 + 5 + (7 - 9)?
4
-1 + 4 + 9 + -14
-2
What is 2 - (5 - 0 - (44 - 41))?
0
Calculate -6 + 1 - (2 - 8).
1
Calculate -4 - (-5 + (-2 - -5)).
-2
What is the value of -2 + 0 + (9 - 12)?
-5
What is 2 + 2 + -7 + 13 + -9?
1
Calculate -26 + 14 + 11 + -10.
-11
Calculate 2 + (5 - 6 - (2 - 3)).
2
Calculate -2 + -4 + 16 + 0 + -5.
5
Calculate (1 - 4) + 3 + 0 - 2.
-2
What is 0 + 2 - (-36 + 34)?
4
What is 0 + -1 + -8 + 7?
-2
What is the value of -6 - (1 + (-21 - (-12 - -4)))?
6
What is the value of -7 + 7 - (1 - (4 - 4))?
-1
What is -6 + 26 + 8 + -19?
9
What is -4 + 7 + (-7 + -1 - 0)?
-5
What is the value of 0 + 1 + 1 + 4 + -1?
5
What is the value of -3 - (3 - (8 - 7))?
-5
What is the value of -10 + 10 + (10 - 17)?
-7
Evaluate -5 + (5 + -9 - -2) + 4.
-3
-5 - (-3 - ((1 - -2) + 2))
3
Calculate 3 - (9 + -4 + 8).
-10
1 - 6 - ((11 - 19) + 8)
-5
Calculate 3 - 2 - (-6 + 13 - 6).
0
Evaluate 2 - ((4 - 2) + 3).
-3
Evaluate 0 + -3 - (-4 + 2 + -1).
0
What is 21 + -29 - (-2 + -3)?
-3
Evaluate -3 - (4 + -2 + 6 + -7).
-4
What is the value of (0 - (3 - -2)) + 10?
5
1 + -5 + -3 + 4
-3
What is the value of 1 + -4 - (-1 - (-2 + 3))?
-1
What is -5 - (-5 + -11) - (-6 - -9)?
8
(6 - 7) + -5 - -8
2
What is the value of 0 - 6 - (-6 + 1)?
-1
Calculate -8 - (-3 + -3 + 3).
-5
Calculate 0 + (-6 - 5) - -3 - -1.
-7
Evaluate 1 + -13 - (-8 + -1).
-3
What is -3 + (-1 - -3) + (-4 - -1)?
-4
Evaluate (15 - -1) + (-16 + -2 - -12).
10
What is the value of -69 + 66 - (-2 - 8)?
7
What is the value of -13 - -11 - (-2 - (-1 + 2))?
1
What is 12 + -10 - (-1 + 3)?
0
What is (-3 + 7 - 5) + -2 + 8?
5
-12 - (-2 - (-1 - -4))
-7
Calculate 1 + -5 - (-1 - 8).
5
Evaluate -8 - -12 - (0 - 1).
5
-1 + -1 + (-13 - -13)
-2
Evaluate (-3 - (2 - (-7 - -3))) + 1.
-8
Evaluate (3 - 0) + -2 - -2.
3
Evaluate (4 - 5) + 1 - 2.
-2
(2 - 8) + (20 - 8)
6
Evaluate 0 + 8 + (-6 - -2).
4
4 + (1 + -4 + -1 - 0)
0
What is -3 - ((-2 - 2) + 0) - -1?
2
4 - (-2 + 2 + 0 + 6)
-2
Evaluate (-2 - -3) + -11 + 9.
-1
What is -7 + -2 - (11 + -3 + -11)?
-6
What is the value 